ppose 0 = -2*i + 4*r + t, i + 13 - 612 = -r. What is the tens digit of i?
0
Suppose 4*c = 3*y + 12744, -4*c + y = -5*c + 3193. What is the hundreds digit of c?
1
Let c = -422 - -13. Let w = 682 + c. What is the tens digit of w?
7
What is the thousands digit of (-58)/174*(-2 + -1)*2591?
2
Let c(f) = 61*f - 21. Let u be c(9). Let y = u - -301. What is the tens digit of y?
2
Let w(x) = -x**2 + 17*x + 3. Let i be w(17). Suppose -44 = -u - u - 2*o, -4*u + 74 = -i*o. What is the tens digit of u?
2
Let k = -12130 + 39743. What is the tens digit of k?
1
Suppose 64374 + 62857 = 16*j - 27633. What is the units digit of j?
9
Let z(c) = 3*c + 8. Let x be z(-3). Let i be (1 + 0)*-5*x. Suppose -3*g - 20 = -i*g. What is the tens digit of g?
1
Let n be (-1 + (-55)/3)*(-69)/46. Suppose 0 = n*b - 28*b - 315. What is the tens digit of b?
1
Suppose 0 = 5*z + 4*l + 1184, -11*z + 13*z + 4*l + 464 = 0. What is the units digit of (-3 - -6)*(3 + z)/(-3)?
7
Suppose 2*o - 3*o - 11 = 5*a, 0 = 5*a + 20. Suppose 0 = -p - o*p + 1050. Suppose -103*r - 178 = -p*r. What is the units digit of r?
9
Let b(c) = 429*c - 737. What is the tens digit of b(6)?
3
Let b = 15 + -13. Let d be -4 - 80/((-4)/b). Suppose 4*j = 5*c - 175, -c - j + 2*j = -d. What is the units digit of c?
1
Let y be (-6)/42 + (-145)/(-35) + -2. What is the tens digit of ((-15)/25)/(y/(-1670))?
0
Suppose -73*t - 105 = -80*t. Suppose -t*h = -14*h - 221. What is the units digit of h?
1
Suppose 43648 = 10*v - 7402. What is the hundreds digit of v?
1
What is the hundreds digit of ((-43152)/72)/((-10)/15)?
8
Suppose 0 = -5*x + 3*y + 24305, -143*y + 19446 = 4*x - 145*y. What is the tens digit of x?
6
Suppose 3*t + 1 + 3 = -2*n, 5*n + 56 = 4*t. Let c be (-7)/(-1) + 16/n. Suppose c*i - 4*q = 669, 28 + 121 = i + 3*q. What is the tens digit of i?
3
Let o(n) = 174*n + 1619. What is the units digit of o(-7)?
1
Suppose 4*t - 27070 - 382 = -5*u, 20 = -5*u. What is the thousands digit of t?
6
Suppose -10980765 = -370*w + 85*w. What is the ten thousands digit of w?
3
Let y(q) = 3*q**3 - 22*q**2 - 38*q + 19. Let a be y(11). What is the hundreds digit of 25/(-5) + 6 + (a - -1)?
9
Let s(h) = 55*h - 3108. What is the tens digit of s(79)?
3
Let n(q) = 3*q - 34. Let t be n(10). Let a be 8 - -2*6/t. Suppose 3*y - 42 = -a*b, 2*y - 7*y + 70 = -4*b. What is the tens digit of y?
1
Suppose 3*r + 2 = -h + 4*r, 4*r - 29 = -3*h. Suppose c = 3*u + 294, 1194 = -c + 5*c - h*u. What is the tens digit of c?
0
Let t(g) = -4*g**2 + 6*g**3 - 9 + 0*g + 2 - 9*g + 0*g. What is the units digit of t(6)?
1
Suppose 3*i = 591*x - 589*x + 10217, 0 = 4*x - 8. What is the units digit of i?
7
Let n = 42 - 41. Let g be 0 - (n - 1/((-1)/(-13))). What is the units digit of 1635/g + (-1)/4?
6
Let x = -36847 + 56174. What is the ten thousands digit of x?
1
Suppose 258 = 43*k - 305 + 90. What is the units digit of k?
1
Let u(y) = -y**3 - 69*y**2 - 210*y + 397. What is the ten thousands digit of u(-74)?
4
Let j be (0*4/12)/(0 - -1). Suppose 3*u + 400 + 128 = 0. What is the units digit of j - 3/(6/u)?
8
Suppose 103 = 6*r + 25. Suppose -r*z - 2728 = -8149. What is the tens digit of z?
1
Let v = 38289 - 1087. What is the ten thousands digit of v?
3
Suppose -7*z + 56 = 28. Suppose 4*c + u - 2516 = 0, -4*c = z*u + 411 - 2939. What is the units digit of c?
8
Let k be (-128)/(-24)*18/(-4). Let x be ((-15)/(-20))/(2 + 51/k). Let n = x + 50. What is the units digit of n?
4
Let q(w) = -17*w + 6. Let o(m) = -33*m + 14. Let c(k) = -2*o(k) + 5*q(k). Let a be c(-18). Suppose 3*f - a = f. What is the units digit of f?
2
Let z(t) = -t**2 - 3*t - 1. Let q be z(-3). Let n = 315 + -140. What is the hundreds digit of (-4 - -1) + n - (q + -2)?
1
Suppose -1617*b + 48236 = -1586*b. What is the hundreds digit of b?
5
Suppose 438 = -14*s + 11*s. Let r = -303 - -527. Let o = r + s. What is the units digit of o?
8
Let v be (4 + -11)/(3/39). Let i(k) = -183*k. Let s be i(1). Let d = v - s. What is the units digit of d?
2
Let d(f) be the second derivative of f**4/6 + 5*f**3/6 + 49*f**2 - 43*f + 2. What is the units digit of d(-10)?
8
Let y(o) = -4*o**2 + 7*o - 15. Let j(m) = 4*m**2 - 8*m + 15. Let h(f) = 3*j(f) + 2*y(f). Let v(a) = 12*a + 185. Let x be v(-15). What is the tens digit of h(x)?
6
Let n be 1/(21/(-308) - (-4)/(-22)). What is the tens digit of 6 + n + 6/(-4)*-34?
5
Suppose 104 = 9*g + 14. Suppose 10380 = -g*p + 25*p. What is the units digit of p?
2
Suppose -4*g = -17*g + 39. Suppose -4*v + g*x = -673, -4*v - 5*x + 483 = -v. What is the hundreds digit of v?
1
Let t(k) = -k**2. Let h(u) = -71*u**2 - 1. Suppose 27 = 4*v + 7. Let c(j) = v*t(j) - h(j). What is the units digit of c(1)?
7
Let i = -619 - -959. Let g = i - -534. What is the tens digit of g?
7
Suppose 3 = -19*t + 20*t. Let w(z) = z**3 - 3*z**2 + z + 8. Let q be w(t). Suppose -q*y - 2980 = -21*y. What is the hundreds digit of y?
2
Let m = -239 + 247. Let n(s) = 6*s**2 - 3*s + 42. What is the tens digit of n(m)?
0
Let j be -1 - ((7 - 6) + 132). Let w = 771 + j. What is the hundreds digit of w?
6
Let j = 167 + -168. What is the tens digit of -3 - (-759 + j + 1)?
5
Let m(l) = -146 - 345*l + 37 + 21 + 336*l - 143. What is the tens digit of m(-47)?
9
Suppose 0 = 3*w + 5*i - 10417, 0 = -2*w + 98*i - 95*i + 6970. What is the tens digit of w?
7
Let k = 15232 + -7924. What is the tens digit of k?
0
Let j = 792 + 290. Let f = -37 + j. What is the thousands digit of f?
1
Let r(z) = z + 9. Let o be r(-10). What is the hundreds digit of (-766)/(-8)*4 + 4*o?
3
Let z = 53566 + -24149. What is the tens digit of z?
1
Suppose 5297 = 3*x + 3*n - 47986, -3*x - 4*n = -53283. What is the thousands digit of x?
7
Suppose 2*s - 28662 + 1496 = 0. What is the tens digit of s?
8
Suppose -8*g - g + 369 = 0. Let h = -36 + g. Suppose -h*l + 89 = 14. What is the units digit of l?
5
Suppose -2*b + 0*b + 307 = -5*v, -2*v - 125 = -3*b. Let l = v - 4. Let i = l + 119. What is the tens digit of i?
5
Suppose 2*n + 59 = 5*p + 97, -2*n - p + 14 = 0. Suppose -10964 = -n*j - 1685. What is the tens digit of j?
3
Let h = 7429 + -3833. Suppose h = 3*q + 830. What is the hundreds digit of q?
9
Suppose -5*g + h - 4*h = -584, 469 = 4*g + 3*h. Suppose 5*p = -25, -g = -v - 3*p + 203. What is the tens digit of v?
3
Let i = 46 - 51. Let y be (59 + -4)/i - 4. What is the units digit of 3/y + (-782)/(-10)?
8
What is the tens digit of ((-73307)/(-4) - 0) + (-191)/(-764)?
2
Suppose 2*c - 15*l + 477 = -20*l, 0 = 3*c + 4*l + 705. Let f = c - -521. What is the units digit of f?
0
Suppose 79*v - 1034289 = 1166822 + 1262012. What is the thousands digit of v?
3
Suppose 7*u - 5*u = 118. Let k = 167 - 165. Suppose -5*j = 5*l - 45, j - 5*l - u = -k*j. What is the units digit of j?
3
Suppose -11*w = -8*w - 12. Suppose 6*z - w*z - 6 = 0. Suppose -5*k = -5*g - 445, z*k + 5*g = -k + 356. What is the tens digit of k?
8
Let l(p) = p**3 - 73*p**2 - 243*p - 82. What is the tens digit of l(77)?
2
Suppose 0 = -5*v - 15, 2*p + 11 = 4*v - 7*v. What is the tens digit of (-16488)/(-60) - p/5?
7
What is the units digit of (-30)/9*255536/30*(-18)/8?
4
Suppose 4*m = 8*m - 472. Let l = m + -31. What is the units digit of l?
7
Let p(r) = -r**3 + 15*r**2 + 29*r - 8. Let q be p(19). Let i = q - -1920. What is the hundreds digit of i?
0
Let y be (4/(-8) + -2)/((-2)/4). Suppose y*c = 4*j + 543 - 1658, 5*j - 1378 = c. What is the units digit of j?
5
Suppose -2*l + 2678 = 4*t, 3*l + 3*t = 1026 + 2982. Suppose -2*a = 4*x - 22, 3*a - 30 = -2*x - 13. What is the tens digit of x/(-22) + l/11?
2
Suppose 2374 = 2*n - 3*w, -13*n + 11*n - 4*w + 2346 = 0. Suppose 8*i = n + 4051. What is the tens digit of i?
5
Suppose 72*q - 30*q - 1153908 = 0. What is the ten thousands digit of q?
2
Let f = -1604 + 14645. What is the units digit of f?
1
Let h(d) = -71*d**3 + 7*d**2 - 3*d + 17. Let x(y) = 69*y**3 - 8*y**2 + 2*y - 19. Let f(i) = -7*h(i) - 6*x(i). What is the units digit of f(2)?
3
Let u(g) = 144*g**2 - 241*g**2 - g**3 + 128*g**2 - 8 - 13*g. What is the hundreds digit of u(30)?
5
Let d(r) = 2535*r**2 - 187*r - 2. What is the tens digit of d(-2)?
1
Suppose -32*p + 40*p - 3928 = 0. Let u = p + 589. What is the tens digit of u?
8
Let q = -237 - -251. Suppose 2*t = 4*w + 522, -17*w = 5*t - q*w - 1240. What is the tens digit of t?